y(t).
1
Let q(n) = -n**3 - n**2 - n - 11. Let z be (-4)/(12/9) + 3. What is q(z)?
-11
Let w(n) be the first derivative of -1/2*n**2 + n + 3. Give w(5).
-4
Suppose 0 = 2*d + 2, 2*s - 5*s + d - 23 = 0. Let c = -6 - s. Let h(a) = -c - a**3 + 4 - a + a**2 - 1. Calculate h(0).
1
Let j(v) = v**3 + 5*v + 3 + 3*v**3 - 3*v**3 - 5*v**2 - v**2. What is j(4)?
-9
Let d(s) be the first derivative of s**5/60 + s**4/24 + s**2/2 + 1. Let y(u) be the second derivative of d(u). What is y(-1)?
0
Let d(t) = -260*t**2 - 117*t - 117. Let k(b) = -9*b**2 - 4*b - 4. Let f(n) = -4*d(n) + 117*k(n). Determine f(1).
-13
Let g(s) = -s + 1 + 5 + 0*s. Let u be (24/18)/((-1)/(-3)). Suppose -4*v = i, 4*v + u*i - i = 0. Calculate g(v).
6
Suppose 3*c + 21 = -3*z + 2*z, -3*z = c + 23. Suppose -q - s + 4 = 0, 12 = -4*s + s. Let p = z + q. Let y(n) = -3*n. Determine y(p).
-6
Suppose 3 = f + i, -f + i = -3*i - 13. Let u(k) = f*k - k + 0*k**2 + k**2. Determine u(-2).
-4
Suppose 2*i + i - 9 = 0. Let p(w) = -1 + 1 + w + w**2 - i*w**3 + 4*w**3. Determine p(-2).
-6
Let x(z) = -z**2 - 6*z + 5. Let n be 3/(0 - -3)*-7. Let d = -13 - n. What is x(d)?
5
Let k(l) be the third derivative of l**9/60480 - l**8/20160 - l**5/15 + l**2. Let r(q) be the third derivative of k(q). Calculate r(-1).
-2
Let z = -71 - -77. Let g(p) = -p**3 + 5*p**2 + 4*p - 2. Calculate g(z).
-14
Let q(p) = -4*p + 15. Let b be (4*1)/((-2)/3). Let r(k) = -4*k + 14. Let m(z) = 2*z - 7. Let f(t) = 5*m(t) + 3*r(t). Let i(d) = b*q(d) + 13*f(d). Give i(-3).
7
Let n(k) = -k**3 + 10*k**2 + 1. Let v be n(10). Let a(j) = -v - 4 - 2*j + 3*j. Suppose -2*y + 0*y = 0. What is a(y)?
-5
Let t(f) = f**2 - 7*f + 5. Suppose 2*y - 1 = 3*j - 3, 5*y + 5 = 0. Let q = j - -4. Suppose z + 9 + 1 = g, g - q*z - 25 = 0. Give t(g).
-5
Suppose -16 = 2*h - t, 6*h = 7*h - t + 10. Let o(b) = b**3 + 5*b**2 - 6*b - 8. Calculate o(h).
-8
Let g(n) = n**2 - 3*n - 5. Suppose 3*i - 13 = 11. Suppose 3*q - i = -20. Let k = q - -9. Determine g(k).
5
Let x(m) = -m**2 + 10. Let r = -6 + 13. Suppose 3*b = r*b. Calculate x(b).
10
Let x be (0*(-5)/(-15))/(-1). Let f(d) = -d**2 - d + 12. Give f(x).
12
Let z(w) = -2*w - 2. Let k(x) = -2*x**3 + 14*x**2 + x - 10. Let c be k(7). Determine z(c).
4
Let x = 5 + -10. Let t = x - -3. Let c be (-2 - 9/t)*-2. Let y(p) = -2*p - 4. Calculate y(c).
6
Let z(h) = -h + 5. Let c be 25/4 + (-1)/4. What is z(c)?
-1
Let j be 5/2*(-2)/(-5). Suppose 3*o + l - 10 = 0, 5*o - 23 = 2*l + j. Let b(q) = -q**2 + 2*q + 2. Determine b(o).
-6
Let x be (((-7)/2)/(-7))/(2/(-32)). Let s(f) = -f**2 - 7*f + 2. Give s(x).
-6
Let q(l) be the second derivative of l**3/6 - l**2 + 2*l. Let s(r) = r**2 + 18*r + 23. Let a be s(-17). Determine q(a).
4
Let i = 3 - 2. Let s(t) = -t**2 + 6*t + 1. Let v be s(6). Let z(l) = 3*l - 4. Let n(r) = 1. Let a(h) = v*z(h) + 5*n(h). Determine a(i).
4
Let b(o) = 5*o - 3. Suppose 13*h - 2 = 12*h. Calculate b(h).
7
Let q(p) be the second derivative of p**5/40 - p**3 - 4*p. Let r(x) be the second derivative of q(x). What is r(-2)?
-6
Let h(i) be the first derivative of -5*i**4/4 - i**3/3 + i - 17. Let c = 0 - 1. Give h(c).
5
Let q(v) = v. Let n(c) = c**2 - 6*c + 5. Let k(l) = -n(l) + q(l). Give k(6).
1
Let r(l) = l**3 + 3*l**2 - 5*l. Suppose f = -4*f. Let p(i) be the second derivative of -i**5/20 + i**3/6 - 2*i**2 - i. Let a be p(f). Calculate r(a).
4
Let c be 0/(-3*6/9). Let j(b) = 2*b + 2*b + 7 - 5 + b**2 + c*b. Suppose 0 = -2*a + l - 8, -3*a - 7*l + 3*l - 12 = 0. Determine j(a).
2
Let n(k) = -3*k - 9. Let a(r) be the third derivative of r**4/12 + 2*r**3/3 + 3*r**2. Let x(u) = 5*a(u) + 3*n(u). Give x(4).
-3
Let n = 31 + -6. Let t = n + -28. Let b(y) = 4 - 5*y - 3 + 4*y. What is b(t)?
4
Let w(d) = -2*d**3 - 2*d**2 + d - 1. Let y be w(-2). Let c(u) be the third derivative of 1/24*u**4 + 0*u**3 + 0 + 0*u + 2*u**2. Calculate c(y).
5
Let q(u) = 5*u**2 + 4*u + 4. Let f(s) = -6*s**2 - 4*s - 4. Let i be (-36)/20*40/(-12). Let b(m) = i*f(m) + 7*q(m). Calculate b(5).
-1
Let y(d) = -4*d - 4. Let o(i) = 5*i + 5. Let j(p) = -5*o(p) - 6*y(p). Determine j(-3).
2
Let p(s) = -s**2 + 7 - 8 + 2*s + 0*s**2. Let f be 1*3/(-4)*-4. Calculate p(f).
-4
Let h(t) = t**2 + t - 1. Suppose 0*l - 2*r = -5*l + 12, -4*l = r - 20. Let z = 5 - l. Determine h(z).
1
Let n(o) be the first derivative of -5/3*o**3 + o + o**2 - 3. Suppose -4*q + 2*q - 2 = 0. Determine n(q).
-6
Let v(i) be the third derivative of i**6/24 - i**3/6 - 26*i**2. Suppose 3*w + 4 - 13 = 0. Suppose -l = 4 - w. Give v(l).
-6
Let n(t) = -2*t**2 - 7*t - 5. Suppose 7*l - 10*l = 12. Give n(l).
-9
Let t(l) = 2*l - 13. Let w be t(10). Let f(n) be the first derivative of n**4/4 - 2*n**3 - 4*n**2 + 3*n + 1. Let s be f(w). Let u(p) = p**2 + 5*p. What is u(s)?
-4
Suppose 4*o = -12 - 8. Let p(l) = -l. Let m(d) = 4*d + 11. Let x(r) = 1. Let h(w) = 2*m(w) - 18*x(w). Let y(k) = h(k) + 6*p(k). Calculate y(o).
-6
Let h(n) = 1 - 6*n**2 + 2 + 2*n**2 + n**3 - 66*n + 60*n. Give h(5).
-2
Let x(w) = w**2 - 2*w + 1. Let h be x(1). Let l(b) = b**2 - b + 2. Let n(p) = -p**2 + p - 2. Let v(z) = -2*l(z) - 3*n(z). Calculate v(h).
2
Let t = 37 - 62. Let y = -20 - t. Let j(h) = -h**2 + 6*h - 3. Give j(y).
2
Let j(g) = g**2 - 7*g - 9. Let f(s) = -s**2 + 7*s + 9. Let a(p) = 6*f(p) + 5*j(p). What is a(8)?
1
Let k(m) = m**3 - 2 + 31*m**2 - 2*m**3 - 61*m**2 + 29*m**2. Let g = 2 + -2. Let s be k(g). Let l(w) = -w**2 + w + 1. Give l(s).
-5
Let c(u) be the first derivative of 3*u**4/2 + u**3/3 - u**2/2 - 8. Give c(1).
6
Let v be ((-1)/3)/(8/96). Let i(j) = -2*j + 0 - 1 - 1. What is i(v)?
6
Let a(p) be the first derivative of -p**3/6 - p**2/2 - 2*p - 1. Let t(h) be the first derivative of a(h). Determine t(4).
-5
Let q(f) = -f**2 - 2*f - 4. Let m(v) = v**2 + v + 1. Let d(r) = -3*m(r) - q(r). Let l(i) = 5*i + 5. Let j be l(-3). Let a = j + 11. Calculate d(a).
-2
Let v be (-6)/10 - 6/(-10). Suppose 0 = 5*q + 10, -4*r - 4*q - 32 = v. Let f(a) = -a**3 - 7*a**2 - 5*a. What is f(r)?
-6
Let v(z) = 2*z - 3 - 7*z + 0*z**2 - z**2. Let q be v(-4). Let h(a) = a**2 - a - 1. Let c(d) = -4*d**2 + 6*d + 4. Let f(y) = q*c(y) + 5*h(y). What is f(1)?
1
Let l(p) = p**2 - 6*p + 5. Suppose 19 = 2*s - 3. Let t = s + 5. Let g be (-5)/2*t/(-10). What is l(g)?
-3
Let r be -4*(-4)/(-6)*3. Let v be (-2)/(-3) - r/6. Let y(p) = 6*p + 2. Let m(a) = -a. Let g(f) = 5*m(f) + y(f). Determine g(v).
4
Suppose -5 = -2*t - 3. Let m(d) = d - t + 2*d - d. Let f(p) = p**2 - 7*p - 3. Let n be f(7). Determine m(n).
-7
Let v be 10*1/(-4) - (-9)/3. Let f(j) be the first derivative of -2/3*j**3 + 1/4*j**4 + 2 + v*j**2 + j. Determine f(2).
3
Let m(n) = -n. Let l(x) = -21*x + 3. Let d(q) = -l(q) + 18*m(q). Let w(i) = 6*i**3 - i**2 - i + 1. Let v be w(1). Let g be (-72)/(-30) + (-2)/v. Give d(g).
3
Let u(h) be the first derivative of -2 - 5*h - 1/2*h**2. Suppose -3 = -4*k + 3*q, -5*k = -2*q + 4*q + 2. Give u(k).
-5
Let l(o) = -o**2 - 9*o - 14. Let k be l(-4). Let x(g) = g**2 - 8*g + 9. Calculate x(k).
-3
Let z(a) = -5*a + 2*a - 6 + 4*a - 2*a. Let t be z(-5). Let c(v) = -3*v - 1. Calculate c(t).
2
Let u(h) = 19*h - 1. Suppose 8*c + 0*c + 8 = 0. What is u(c)?
-20
Let m be ((-10)/(-25))/(3/45). Let j(q) = -q**3 + 6*q**2 + q - 8. Calculate j(m).
-2
Let v(y) = 6*y - 1. Suppose -5*x - 54 = -59. Give v(x).
5
Let u(v) = -v**3 - v + 1. Let j(l) = -5*l**3 - l**2 - 7*l + 12. Let y(t) = j(t) - 6*u(t). Suppose -p + 5*r = -25, p + 2*p + 4*r + 20 = 0. Give y(p).
6
Let i(h) = 2*h - 2. Let n = 2 + 0. Let p = n - 0. Determine i(p).
2
Let c(l) = 3*l. Let z(u) = -4*u + 1. Let w(i) = 5*c(i) + 4*z(i). Let j be w(4). Let o(s) = -s**3 + s**2 - s - 7. Give o(j).
-7
Suppose 4*c - 3*o + 18 = 0, c - 2*o - 2 = 3*c. Let a(x) = -3*x + 0 - x**2 + 4 - 4 - 2. What is a(c)?
-2
Let q(x) = x**3 - 7*x + 78*x**2 + 2 - 2*x + 11*x - 77*x**2. What is q(-2)?
-6
Suppose 0*r - 3*r = -9. Suppose -2*o - 4 = 2, 0 = r*k - 3*o - 21. Let l(g) = -g**2 + 8*g - 6. Calculate l(k).
10
Let j be -5*(-5 - -2 - -2). Let g = 5 + -3. Let m(z) = j - z**g - 2*z - z + 2*z. Give m(0).
5
Let i(m) = -2*m**2 - 3*m + 9. Let d(b) = -6*b**2 - 8*b + 26. Suppose 4*c - c = 18. Let y(n) = c*d(n) - 17*i(n). Calculate y(3).
-6
Let n(c) = c**2 + 7*c. Suppose -3*m - 6 = -2*m. Give n(m).
-6
Let m(w) = -5*w + 1. Let y(v) = -7*v**3 - v**2 + v - 1. Let k be y(1). L